{"id":9637,"date":"2023-08-31T13:31:31","date_gmt":"2023-08-31T13:31:31","guid":{"rendered":"https:\/\/www.destrancheesauxbarricades.com\/?post_type=product&#038;p=9637"},"modified":"2025-11-10T18:27:46","modified_gmt":"2025-11-10T18:27:46","slug":"freikorps-voran-la-totale","status":"publish","type":"product","link":"https:\/\/www.destrancheesauxbarricades.com\/index.php\/product\/freikorps-voran-la-totale\/","title":{"rendered":"Freikorps Voran : la totale"},"content":{"rendered":"<p><strong>\u00ab Nous ne luttons pas pour que le peuple devienne heureux. Nous luttons pour lui imposer une destin\u00e9e. \u00bb\u00a0<\/strong><br \/>\n<em>Les R\u00e9prouv\u00e9s.<\/em> Ernst Von Salomon.<\/p>\n<p>Premier suppl\u00e9ment officiel de <em>Des tranch\u00e9es aux barricades<\/em>, <em>Freikorps Voran<\/em> propose aux joueurs de revivre la p\u00e9riode r\u00e9volutionnaire en Allemagne, de l\u2019abdication du Kaiser Guillaume II le 9 novembre 1918, au putsch de la Brasserie men\u00e9 par Adolf Hitler \u00e0 M\u00fcnich 5 ans plus tard.<\/p>\n<p>Compris dans ce pack, les figurines de personnages embl\u00e9matiques des \u00e9v\u00e8nements, Rosa Luxemburg, membre de la ligue spartakiste et le G\u00e9n\u00e9ral von Lettow-Vorbeck, h\u00e9ros invaincu de l&rsquo;Afrique de l&rsquo;Est.<\/p>\n<p>Rosa Luxemburg est accompagn\u00e9e de deux militants et le G\u00e9n\u00e9ral von Lettow-Vorbeck, de son fid\u00e8le askari.<\/p>\n<p>Pour que l&rsquo;immersion soit compl\u00e8te, le suppl\u00e9ment est livr\u00e9 avec un set de d\u00e9s sp\u00e9ciaux aux couleurs du drapeau imp\u00e9rial allemand.<\/p>\n<p>&nbsp;<\/p>\n<p>Un exemplaire de <em>Des tranch\u00e9es aux barricades<\/em> est n\u00e9cessaire pour pouvoir utiliser ce suppl\u00e9ment.<\/p>\n<p>Pages : 16<\/p>\n<p>&nbsp;<\/p>\n<p>Figurines 28mm imprim\u00e9es en r\u00e9sine, \u00e0 assembler et \u00e0 peindre.<\/p>\n<p>Socle non fourni. Visuels non contractuels.<\/p>\n<p>Ceci n\u2019est pas un jouet \u2013 Des comp\u00e9tences basiques de mod\u00e9lisme sont n\u00e9cessaires &#8211; Ne convient pas aux enfants de moins de 14 ans.<\/p>\n<p>&nbsp;<\/p>\n<p>&nbsp;<\/p>\n","protected":false},"excerpt":{"rendered":"<p>Le suppl\u00e9ment Freikorps Voran,\u00a0 un jeu de neufs d\u00e9s sp\u00e9ciaux, la figurine de Rosa Luxemburg et ses compagnons, la figurine de von Lettow Vorbeck \u00e0 cheval et son fid\u00e8le askari.<\/p>\n","protected":false},"featured_media":9640,"template":"","meta":{"_monsterinsights_skip_tracking":false,"_monsterinsights_sitenote_active":false,"_monsterinsights_sitenote_note":"","_monsterinsights_sitenote_category":0},"product_brand":[],"product_cat":[141,159,90],"product_tag":[],"class_list":{"0":"post-9637","1":"product","2":"type-product","3":"status-publish","4":"has-post-thumbnail","6":"product_cat-allemagne-1918-1923","7":"product_cat-des-tranchees-aux-barricades","8":"product_cat-regles-et-extensions","11":"first","12":"outofstock","13":"sale","14":"featured","15":"purchasable","16":"product-type-simple"},"yoast_head":"<!-- This site is optimized with the Yoast SEO plugin v27.5 - https:\/\/yoast.com\/product\/yoast-seo-wordpress\/ -->\n<title>Freikorps Voran : la totale - Des tranch\u00e9es aux barricades<\/title>\n<meta name=\"robots\" content=\"index, follow, max-snippet:-1, max-image-preview:large, max-video-preview:-1\" \/>\n<link rel=\"canonical\" href=\"http:\/\/www.destrancheesauxbarricades.com\/index.php\/product\/freikorps-voran-la-totale\/\" \/>\n<meta property=\"og:locale\" content=\"fr_FR\" \/>\n<meta property=\"og:type\" content=\"article\" \/>\n<meta property=\"og:title\" content=\"Freikorps Voran : la totale - Des tranch\u00e9es aux barricades\" \/>\n<meta property=\"og:description\" content=\"Le suppl\u00e9ment Freikorps Voran,\u00a0 un jeu de neufs d\u00e9s sp\u00e9ciaux, la figurine de Rosa Luxemburg et ses compagnons, la figurine de von Lettow Vorbeck \u00e0 cheval et son fid\u00e8le askari.\" \/>\n<meta property=\"og:url\" content=\"http:\/\/www.destrancheesauxbarricades.com\/index.php\/product\/freikorps-voran-la-totale\/\" \/>\n<meta property=\"og:site_name\" content=\"Des tranch\u00e9es aux barricades\" \/>\n<meta property=\"article:modified_time\" content=\"2025-11-10T18:27:46+00:00\" \/>\n<meta property=\"og:image\" content=\"http:\/\/www.destrancheesauxbarricades.com\/wp-content\/uploads\/2023\/08\/kitvoran1.jpg\" \/>\n\t<meta property=\"og:image:width\" content=\"1677\" \/>\n\t<meta property=\"og:image:height\" content=\"1677\" \/>\n\t<meta property=\"og:image:type\" content=\"image\/jpeg\" \/>\n<meta name=\"twitter:card\" content=\"summary_large_image\" \/>\n<meta name=\"twitter:label1\" content=\"Dur\u00e9e de lecture estim\u00e9e\" \/>\n\t<meta name=\"twitter:data1\" content=\"2 minutes\" \/>\n<script type=\"application\/ld+json\" class=\"yoast-schema-graph\">{\"@context\":\"https:\\\/\\\/schema.org\",\"@graph\":[{\"@type\":\"WebPage\",\"@id\":\"http:\\\/\\\/www.destrancheesauxbarricades.com\\\/index.php\\\/product\\\/freikorps-voran-la-totale\\\/\",\"url\":\"http:\\\/\\\/www.destrancheesauxbarricades.com\\\/index.php\\\/product\\\/freikorps-voran-la-totale\\\/\",\"name\":\"Freikorps Voran : la totale - Des tranch\u00e9es aux barricades\",\"isPartOf\":{\"@id\":\"http:\\\/\\\/www.destrancheesauxbarricades.com\\\/#website\"},\"primaryImageOfPage\":{\"@id\":\"http:\\\/\\\/www.destrancheesauxbarricades.com\\\/index.php\\\/product\\\/freikorps-voran-la-totale\\\/#primaryimage\"},\"image\":{\"@id\":\"http:\\\/\\\/www.destrancheesauxbarricades.com\\\/index.php\\\/product\\\/freikorps-voran-la-totale\\\/#primaryimage\"},\"thumbnailUrl\":\"https:\\\/\\\/www.destrancheesauxbarricades.com\\\/wp-content\\\/uploads\\\/2023\\\/08\\\/kitvoran1.jpg\",\"datePublished\":\"2023-08-31T13:31:31+00:00\",\"dateModified\":\"2025-11-10T18:27:46+00:00\",\"breadcrumb\":{\"@id\":\"http:\\\/\\\/www.destrancheesauxbarricades.com\\\/index.php\\\/product\\\/freikorps-voran-la-totale\\\/#breadcrumb\"},\"inLanguage\":\"fr-FR\",\"potentialAction\":[{\"@type\":\"ReadAction\",\"target\":[\"http:\\\/\\\/www.destrancheesauxbarricades.com\\\/index.php\\\/product\\\/freikorps-voran-la-totale\\\/\"]}]},{\"@type\":\"ImageObject\",\"inLanguage\":\"fr-FR\",\"@id\":\"http:\\\/\\\/www.destrancheesauxbarricades.com\\\/index.php\\\/product\\\/freikorps-voran-la-totale\\\/#primaryimage\",\"url\":\"https:\\\/\\\/www.destrancheesauxbarricades.com\\\/wp-content\\\/uploads\\\/2023\\\/08\\\/kitvoran1.jpg\",\"contentUrl\":\"https:\\\/\\\/www.destrancheesauxbarricades.com\\\/wp-content\\\/uploads\\\/2023\\\/08\\\/kitvoran1.jpg\",\"width\":1677,\"height\":1677},{\"@type\":\"BreadcrumbList\",\"@id\":\"http:\\\/\\\/www.destrancheesauxbarricades.com\\\/index.php\\\/product\\\/freikorps-voran-la-totale\\\/#breadcrumb\",\"itemListElement\":[{\"@type\":\"ListItem\",\"position\":1,\"name\":\"Accueil\",\"item\":\"http:\\\/\\\/www.destrancheesauxbarricades.com\\\/\"},{\"@type\":\"ListItem\",\"position\":2,\"name\":\"Shop\",\"item\":\"http:\\\/\\\/www.destrancheesauxbarricades.com\\\/index.php\\\/shop\\\/\"},{\"@type\":\"ListItem\",\"position\":3,\"name\":\"Freikorps Voran : la totale\"}]},{\"@type\":\"WebSite\",\"@id\":\"http:\\\/\\\/www.destrancheesauxbarricades.com\\\/#website\",\"url\":\"http:\\\/\\\/www.destrancheesauxbarricades.com\\\/\",\"name\":\"Des tranch\u00e9es aux barricades\",\"description\":\"Jeu d&#039;escarmouches au d\u00e9but du XXe si\u00e8cle\",\"potentialAction\":[{\"@type\":\"SearchAction\",\"target\":{\"@type\":\"EntryPoint\",\"urlTemplate\":\"http:\\\/\\\/www.destrancheesauxbarricades.com\\\/?s={search_term_string}\"},\"query-input\":{\"@type\":\"PropertyValueSpecification\",\"valueRequired\":true,\"valueName\":\"search_term_string\"}}],\"inLanguage\":\"fr-FR\"}]}<\/script>\n<!-- \/ Yoast SEO plugin. -->","yoast_head_json":{"title":"Freikorps Voran : la totale - Des tranch\u00e9es aux barricades","robots":{"index":"index","follow":"follow","max-snippet":"max-snippet:-1","max-image-preview":"max-image-preview:large","max-video-preview":"max-video-preview:-1"},"canonical":"http:\/\/www.destrancheesauxbarricades.com\/index.php\/product\/freikorps-voran-la-totale\/","og_locale":"fr_FR","og_type":"article","og_title":"Freikorps Voran : la totale - Des tranch\u00e9es aux barricades","og_description":"Le suppl\u00e9ment Freikorps Voran,\u00a0 un jeu de neufs d\u00e9s sp\u00e9ciaux, la figurine de Rosa Luxemburg et ses compagnons, la figurine de von Lettow Vorbeck \u00e0 cheval et son fid\u00e8le askari.","og_url":"http:\/\/www.destrancheesauxbarricades.com\/index.php\/product\/freikorps-voran-la-totale\/","og_site_name":"Des tranch\u00e9es aux barricades","article_modified_time":"2025-11-10T18:27:46+00:00","og_image":[{"width":1677,"height":1677,"url":"http:\/\/www.destrancheesauxbarricades.com\/wp-content\/uploads\/2023\/08\/kitvoran1.jpg","type":"image\/jpeg"}],"twitter_card":"summary_large_image","twitter_misc":{"Dur\u00e9e de lecture estim\u00e9e":"2 minutes"},"schema":{"@context":"https:\/\/schema.org","@graph":[{"@type":"WebPage","@id":"http:\/\/www.destrancheesauxbarricades.com\/index.php\/product\/freikorps-voran-la-totale\/","url":"http:\/\/www.destrancheesauxbarricades.com\/index.php\/product\/freikorps-voran-la-totale\/","name":"Freikorps Voran : la totale - Des tranch\u00e9es aux barricades","isPartOf":{"@id":"http:\/\/www.destrancheesauxbarricades.com\/#website"},"primaryImageOfPage":{"@id":"http:\/\/www.destrancheesauxbarricades.com\/index.php\/product\/freikorps-voran-la-totale\/#primaryimage"},"image":{"@id":"http:\/\/www.destrancheesauxbarricades.com\/index.php\/product\/freikorps-voran-la-totale\/#primaryimage"},"thumbnailUrl":"https:\/\/www.destrancheesauxbarricades.com\/wp-content\/uploads\/2023\/08\/kitvoran1.jpg","datePublished":"2023-08-31T13:31:31+00:00","dateModified":"2025-11-10T18:27:46+00:00","breadcrumb":{"@id":"http:\/\/www.destrancheesauxbarricades.com\/index.php\/product\/freikorps-voran-la-totale\/#breadcrumb"},"inLanguage":"fr-FR","potentialAction":[{"@type":"ReadAction","target":["http:\/\/www.destrancheesauxbarricades.com\/index.php\/product\/freikorps-voran-la-totale\/"]}]},{"@type":"ImageObject","inLanguage":"fr-FR","@id":"http:\/\/www.destrancheesauxbarricades.com\/index.php\/product\/freikorps-voran-la-totale\/#primaryimage","url":"https:\/\/www.destrancheesauxbarricades.com\/wp-content\/uploads\/2023\/08\/kitvoran1.jpg","contentUrl":"https:\/\/www.destrancheesauxbarricades.com\/wp-content\/uploads\/2023\/08\/kitvoran1.jpg","width":1677,"height":1677},{"@type":"BreadcrumbList","@id":"http:\/\/www.destrancheesauxbarricades.com\/index.php\/product\/freikorps-voran-la-totale\/#breadcrumb","itemListElement":[{"@type":"ListItem","position":1,"name":"Accueil","item":"http:\/\/www.destrancheesauxbarricades.com\/"},{"@type":"ListItem","position":2,"name":"Shop","item":"http:\/\/www.destrancheesauxbarricades.com\/index.php\/shop\/"},{"@type":"ListItem","position":3,"name":"Freikorps Voran : la totale"}]},{"@type":"WebSite","@id":"http:\/\/www.destrancheesauxbarricades.com\/#website","url":"http:\/\/www.destrancheesauxbarricades.com\/","name":"Des tranch\u00e9es aux barricades","description":"Jeu d&#039;escarmouches au d\u00e9but du XXe si\u00e8cle","potentialAction":[{"@type":"SearchAction","target":{"@type":"EntryPoint","urlTemplate":"http:\/\/www.destrancheesauxbarricades.com\/?s={search_term_string}"},"query-input":{"@type":"PropertyValueSpecification","valueRequired":true,"valueName":"search_term_string"}}],"inLanguage":"fr-FR"}]}},"jetpack_sharing_enabled":true,"_links":{"self":[{"href":"https:\/\/www.destrancheesauxbarricades.com\/index.php\/wp-json\/wp\/v2\/product\/9637","targetHints":{"allow":["GET"]}}],"collection":[{"href":"https:\/\/www.destrancheesauxbarricades.com\/index.php\/wp-json\/wp\/v2\/product"}],"about":[{"href":"https:\/\/www.destrancheesauxbarricades.com\/index.php\/wp-json\/wp\/v2\/types\/product"}],"version-history":[{"count":2,"href":"https:\/\/www.destrancheesauxbarricades.com\/index.php\/wp-json\/wp\/v2\/product\/9637\/revisions"}],"predecessor-version":[{"id":12712,"href":"https:\/\/www.destrancheesauxbarricades.com\/index.php\/wp-json\/wp\/v2\/product\/9637\/revisions\/12712"}],"wp:featuredmedia":[{"embeddable":true,"href":"https:\/\/www.destrancheesauxbarricades.com\/index.php\/wp-json\/wp\/v2\/media\/9640"}],"wp:attachment":[{"href":"https:\/\/www.destrancheesauxbarricades.com\/index.php\/wp-json\/wp\/v2\/media?parent=9637"}],"wp:term":[{"taxonomy":"product_brand","embeddable":true,"href":"https:\/\/www.destrancheesauxbarricades.com\/index.php\/wp-json\/wp\/v2\/product_brand?post=9637"},{"taxonomy":"product_cat","embeddable":true,"href":"https:\/\/www.destrancheesauxbarricades.com\/index.php\/wp-json\/wp\/v2\/product_cat?post=9637"},{"taxonomy":"product_tag","embeddable":true,"href":"https:\/\/www.destrancheesauxbarricades.com\/index.php\/wp-json\/wp\/v2\/product_tag?post=9637"}],"curies":[{"name":"wp","href":"https:\/\/api.w.org\/{rel}","templated":true}]}}

<p><strong>« Nous ne luttons pas pour que le peuple devienne heureux. Nous luttons pour lui imposer une destinée. » </strong><br />
<em>Les Réprouvés.</em> Ernst Von Salomon.</p>
<p>Premier supplément officiel de <em>Des tranchées aux barricades</em>, <em>Freikorps Voran</em> propose aux joueurs de revivre la période révolutionnaire en Allemagne, de l’abdication du Kaiser Guillaume II le 9 novembre 1918, au putsch de la Brasserie mené par Adolf Hitler à Münich 5 ans plus tard.</p>
<p>Compris dans ce pack, les figurines de personnages emblématiques des évènements, Rosa Luxemburg, membre de la ligue spartakiste et le Général von Lettow-Vorbeck, héros invaincu de l&rsquo;Afrique de l&rsquo;Est.</p>
<p>Rosa Luxemburg est accompagnée de deux militants et le Général von Lettow-Vorbeck, de son fidèle askari.</p>
<p>Pour que l&rsquo;immersion soit complète, le supplément est livré avec un set de dés spéciaux aux couleurs du drapeau impérial allemand.</p>
<p>&nbsp;</p>
<p>Un exemplaire de <em>Des tranchées aux barricades</em> est nécessaire pour pouvoir utiliser ce supplément.</p>
<p>Pages : 16</p>
<p>&nbsp;</p>
<p>Figurines 28mm imprimées en résine, à assembler et à peindre.</p>
<p>Socle non fourni. Visuels non contractuels.</p>
<p>Ceci n’est pas un jouet – Des compétences basiques de modélisme sont nécessaires &#8211; Ne convient pas aux enfants de moins de 14 ans.</p>
<p>&nbsp;</p>
<p>&nbsp;</p>

<p>Le supplément Freikorps Voran,  un jeu de neufs dés spéciaux, la figurine de Rosa Luxemburg et ses compagnons, la figurine de von Lettow Vorbeck à cheval et son fidèle askari.</p>

<!-- This site is optimized with the Yoast SEO plugin v27.5 - https://yoast.com/product/yoast-seo-wordpress/ -->
<title>Freikorps Voran : la totale - Des tranchées aux barricades</title>
<meta name="robots" content="index, follow, max-snippet:-1, max-image-preview:large, max-video-preview:-1" />
<link rel="canonical" href="http://www.destrancheesauxbarricades.com/index.php/product/freikorps-voran-la-totale/" />
<meta property="og:locale" content="fr_FR" />
<meta property="og:type" content="article" />
<meta property="og:title" content="Freikorps Voran : la totale - Des tranchées aux barricades" />
<meta property="og:description" content="Le supplément Freikorps Voran,  un jeu de neufs dés spéciaux, la figurine de Rosa Luxemburg et ses compagnons, la figurine de von Lettow Vorbeck à cheval et son fidèle askari." />
<meta property="og:url" content="http://www.destrancheesauxbarricades.com/index.php/product/freikorps-voran-la-totale/" />
<meta property="og:site_name" content="Des tranchées aux barricades" />
<meta property="article:modified_time" content="2025-11-10T18:27:46+00:00" />
<meta property="og:image" content="http://www.destrancheesauxbarricades.com/wp-content/uploads/2023/08/kitvoran1.jpg" />
	<meta property="og:image:width" content="1677" />
	<meta property="og:image:height" content="1677" />
	<meta property="og:image:type" content="image/jpeg" />
<meta name="twitter:card" content="summary_large_image" />
<meta name="twitter:label1" content="Durée de lecture estimée" />
	<meta name="twitter:data1" content="2 minutes" />
<script type="application/ld+json" class="yoast-schema-graph">{"@context":"https:\/\/schema.org","@graph":[{"@type":"WebPage","@id":"http:\/\/www.destrancheesauxbarricades.com\/index.php\/product\/freikorps-voran-la-totale\/","url":"http:\/\/www.destrancheesauxbarricades.com\/index.php\/product\/freikorps-voran-la-totale\/","name":"Freikorps Voran : la totale - Des tranchées aux barricades","isPartOf":{"@id":"http:\/\/www.destrancheesauxbarricades.com\/#website"},"primaryImageOfPage":{"@id":"http:\/\/www.destrancheesauxbarricades.com\/index.php\/product\/freikorps-voran-la-totale\/#primaryimage"},"image":{"@id":"http:\/\/www.destrancheesauxbarricades.com\/index.php\/product\/freikorps-voran-la-totale\/#primaryimage"},"thumbnailUrl":"https:\/\/www.destrancheesauxbarricades.com\/wp-content\/uploads\/2023\/08\/kitvoran1.jpg","datePublished":"2023-08-31T13:31:31+00:00","dateModified":"2025-11-10T18:27:46+00:00","breadcrumb":{"@id":"http:\/\/www.destrancheesauxbarricades.com\/index.php\/product\/freikorps-voran-la-totale\/#breadcrumb"},"inLanguage":"fr-FR","potentialAction":[{"@type":"ReadAction","target":["http:\/\/www.destrancheesauxbarricades.com\/index.php\/product\/freikorps-voran-la-totale\/"]}]},{"@type":"ImageObject","inLanguage":"fr-FR","@id":"http:\/\/www.destrancheesauxbarricades.com\/index.php\/product\/freikorps-voran-la-totale\/#primaryimage","url":"https:\/\/www.destrancheesauxbarricades.com\/wp-content\/uploads\/2023\/08\/kitvoran1.jpg","contentUrl":"https:\/\/www.destrancheesauxbarricades.com\/wp-content\/uploads\/2023\/08\/kitvoran1.jpg","width":1677,"height":1677},{"@type":"BreadcrumbList","@id":"http:\/\/www.destrancheesauxbarricades.com\/index.php\/product\/freikorps-voran-la-totale\/#breadcrumb","itemListElement":[{"@type":"ListItem","position":1,"name":"Accueil","item":"http:\/\/www.destrancheesauxbarricades.com\/"},{"@type":"ListItem","position":2,"name":"Shop","item":"http:\/\/www.destrancheesauxbarricades.com\/index.php\/shop\/"},{"@type":"ListItem","position":3,"name":"Freikorps Voran : la totale"}]},{"@type":"WebSite","@id":"http:\/\/www.destrancheesauxbarricades.com\/#website","url":"http:\/\/www.destrancheesauxbarricades.com\/","name":"Des tranchées aux barricades","description":"Jeu d&#039;escarmouches au début du XXe siècle","potentialAction":[{"@type":"SearchAction","target":{"@type":"EntryPoint","urlTemplate":"http:\/\/www.destrancheesauxbarricades.com\/?s={search_term_string}"},"query-input":{"@type":"PropertyValueSpecification","valueRequired":true,"valueName":"search_term_string"}}],"inLanguage":"fr-FR"}]}</script>
<!-- / Yoast SEO plugin. -->

Freikorps Voran : la totale - Des tranchées aux barricades

Le supplément Freikorps Voran,  un jeu de neufs dés spéciaux, la figurine de Rosa Luxemburg et ses compagnons, la figurine de von Lettow Vorbeck à cheval et son fidèle askari.

Des tranchées aux barricades

Jeu d&#039;escarmouches au début du XXe siècle
