{"id":13565,"date":"2025-07-14T14:50:26","date_gmt":"2025-07-14T14:50:26","guid":{"rendered":"https:\/\/www.destrancheesauxbarricades.com\/?post_type=product&#038;p=13565"},"modified":"2025-11-15T13:44:23","modified_gmt":"2025-11-15T13:44:23","slug":"la-chute-de-dien-bien-phu","status":"publish","type":"product","link":"https:\/\/www.destrancheesauxbarricades.com\/index.php\/product\/la-chute-de-dien-bien-phu\/","title":{"rendered":"La chute de Dien Bien Phu"},"content":{"rendered":"<p>Un indispensable!!!<\/p>\n<p>&nbsp;<\/p>\n<p><i>\u00ab Les autorit\u00e9s militaires\u00a0<\/i>[pensaient]\u00a0<i>que les troupes communistes seraient incapables de prendre Dien Bien Phu. Les soldats de Giap sont venus et ce fut l\u2019horreur, avec une fin tragique sous les obus et les pluies torrentielles. Les hommes pataugeaient dans la boue, le sang, l\u2019urine, les excr\u00e9ments, les rats et les odeurs pestilentielles. On op\u00e9rait les bless\u00e9s au milieu de ce charnier, sans la moindre protection. Beaucoup tombaient d\u2019\u00e9puisement ou \u00e9taient d\u00e9pos\u00e9s dans des tranch\u00e9es \u00e0 m\u00eame le sol, parfois enterr\u00e9s vivants comme pendant la Premi\u00e8re Guerre mondiale. Le 7 mai, \u00e0 17 heures, sans avoir hiss\u00e9 le drapeau blanc, comme il l\u2019avait promis \u00e0 ses sup\u00e9rieurs, le g\u00e9n\u00e9ral de Castries fit cesser le combat. \u00bb\u00a0<\/i>Jacques de Saint-Victor, dans\u00a0<i>Le Figaro<\/i>.<\/p>\n<p>\u00c0 la suite du 70e\u00a0anniversaire de la fin de la guerre d\u2019Indochine, l\u2019auteur vous fait revivre \u00e0 travers des r\u00e9cits in\u00e9dits, trois acteurs qui ont v\u00e9cu la chute du camp retranch\u00e9 de Di\u00ean Bi\u00ean Ph\u00f9, apr\u00e8s 56 jours de si\u00e8ge par les troupes du Vi\u00eat-Minh. D\u00e9faite tactique et strat\u00e9gique s\u2019il en est, cet \u00e9v\u00e9nement historique est surtout l\u2019occasion de mettre en lumi\u00e8re l\u2019incroyable h\u00e9ro\u00efsme et la r\u00e9silience sans borne de ces fr\u00e8res d\u2019armes qui n\u2019ont jamais voulu subir.<\/p>\n","protected":false},"excerpt":{"rendered":"<p>[fsl-progress-bar]<\/p>\n<p>Les M\u00e9moires Oubli\u00e9es &#8211; La chute de Dien Bien Phu &#8211; Historic One Editions<\/p>\n","protected":false},"featured_media":13566,"template":"","meta":{"_monsterinsights_skip_tracking":false,"_monsterinsights_sitenote_active":false,"_monsterinsights_sitenote_note":"","_monsterinsights_sitenote_category":0},"product_brand":[],"product_cat":[152,137],"product_tag":[],"class_list":{"0":"post-13565","1":"product","2":"type-product","3":"status-publish","4":"has-post-thumbnail","6":"product_cat-historicone-editions","7":"product_cat-premiere-guerre-mondiale","10":"first","11":"outofstock","12":"taxable","13":"shipping-taxable","14":"purchasable","15":"product-type-simple"},"yoast_head":"<!-- This site is optimized with the Yoast SEO plugin v27.4 - https:\/\/yoast.com\/product\/yoast-seo-wordpress\/ -->\n<title>La chute de Dien Bien Phu - Des tranch\u00e9es aux barricades<\/title>\n<meta name=\"robots\" content=\"index, follow, max-snippet:-1, max-image-preview:large, max-video-preview:-1\" \/>\n<link rel=\"canonical\" href=\"http:\/\/www.destrancheesauxbarricades.com\/index.php\/product\/la-chute-de-dien-bien-phu\/\" \/>\n<meta property=\"og:locale\" content=\"fr_FR\" \/>\n<meta property=\"og:type\" content=\"article\" \/>\n<meta property=\"og:title\" content=\"La chute de Dien Bien Phu - Des tranch\u00e9es aux barricades\" \/>\n<meta property=\"og:description\" content=\"[fsl-progress-bar]  Les M\u00e9moires Oubli\u00e9es - La chute de Dien Bien Phu - Historic One Editions\" \/>\n<meta property=\"og:url\" content=\"http:\/\/www.destrancheesauxbarricades.com\/index.php\/product\/la-chute-de-dien-bien-phu\/\" \/>\n<meta property=\"og:site_name\" content=\"Des tranch\u00e9es aux barricades\" \/>\n<meta property=\"article:modified_time\" content=\"2025-11-15T13:44:23+00:00\" \/>\n<meta property=\"og:image\" content=\"http:\/\/www.destrancheesauxbarricades.com\/wp-content\/uploads\/2025\/07\/zcbdn50k.png\" \/>\n\t<meta property=\"og:image:width\" content=\"896\" \/>\n\t<meta property=\"og:image:height\" content=\"1181\" \/>\n\t<meta property=\"og:image:type\" content=\"image\/png\" \/>\n<meta name=\"twitter:card\" content=\"summary_large_image\" \/>\n<meta name=\"twitter:label1\" content=\"Dur\u00e9e de lecture estim\u00e9e\" \/>\n\t<meta name=\"twitter:data1\" content=\"2 minutes\" \/>\n<script type=\"application\/ld+json\" class=\"yoast-schema-graph\">{\"@context\":\"https:\\\/\\\/schema.org\",\"@graph\":[{\"@type\":\"WebPage\",\"@id\":\"http:\\\/\\\/www.destrancheesauxbarricades.com\\\/index.php\\\/product\\\/la-chute-de-dien-bien-phu\\\/\",\"url\":\"http:\\\/\\\/www.destrancheesauxbarricades.com\\\/index.php\\\/product\\\/la-chute-de-dien-bien-phu\\\/\",\"name\":\"La chute de Dien Bien Phu - Des tranch\u00e9es aux barricades\",\"isPartOf\":{\"@id\":\"http:\\\/\\\/www.destrancheesauxbarricades.com\\\/#website\"},\"primaryImageOfPage\":{\"@id\":\"http:\\\/\\\/www.destrancheesauxbarricades.com\\\/index.php\\\/product\\\/la-chute-de-dien-bien-phu\\\/#primaryimage\"},\"image\":{\"@id\":\"http:\\\/\\\/www.destrancheesauxbarricades.com\\\/index.php\\\/product\\\/la-chute-de-dien-bien-phu\\\/#primaryimage\"},\"thumbnailUrl\":\"https:\\\/\\\/www.destrancheesauxbarricades.com\\\/wp-content\\\/uploads\\\/2025\\\/07\\\/zcbdn50k.png\",\"datePublished\":\"2025-07-14T14:50:26+00:00\",\"dateModified\":\"2025-11-15T13:44:23+00:00\",\"breadcrumb\":{\"@id\":\"http:\\\/\\\/www.destrancheesauxbarricades.com\\\/index.php\\\/product\\\/la-chute-de-dien-bien-phu\\\/#breadcrumb\"},\"inLanguage\":\"fr-FR\",\"potentialAction\":[{\"@type\":\"ReadAction\",\"target\":[\"http:\\\/\\\/www.destrancheesauxbarricades.com\\\/index.php\\\/product\\\/la-chute-de-dien-bien-phu\\\/\"]}]},{\"@type\":\"ImageObject\",\"inLanguage\":\"fr-FR\",\"@id\":\"http:\\\/\\\/www.destrancheesauxbarricades.com\\\/index.php\\\/product\\\/la-chute-de-dien-bien-phu\\\/#primaryimage\",\"url\":\"https:\\\/\\\/www.destrancheesauxbarricades.com\\\/wp-content\\\/uploads\\\/2025\\\/07\\\/zcbdn50k.png\",\"contentUrl\":\"https:\\\/\\\/www.destrancheesauxbarricades.com\\\/wp-content\\\/uploads\\\/2025\\\/07\\\/zcbdn50k.png\",\"width\":896,\"height\":1181},{\"@type\":\"BreadcrumbList\",\"@id\":\"http:\\\/\\\/www.destrancheesauxbarricades.com\\\/index.php\\\/product\\\/la-chute-de-dien-bien-phu\\\/#breadcrumb\",\"itemListElement\":[{\"@type\":\"ListItem\",\"position\":1,\"name\":\"Accueil\",\"item\":\"http:\\\/\\\/www.destrancheesauxbarricades.com\\\/\"},{\"@type\":\"ListItem\",\"position\":2,\"name\":\"Shop\",\"item\":\"https:\\\/\\\/www.destrancheesauxbarricades.com\\\/index.php\\\/shop\\\/\"},{\"@type\":\"ListItem\",\"position\":3,\"name\":\"La chute de Dien Bien Phu\"}]},{\"@type\":\"WebSite\",\"@id\":\"http:\\\/\\\/www.destrancheesauxbarricades.com\\\/#website\",\"url\":\"http:\\\/\\\/www.destrancheesauxbarricades.com\\\/\",\"name\":\"Des tranch\u00e9es aux barricades\",\"description\":\"Jeu d&#039;escarmouches au d\u00e9but du XXe si\u00e8cle\",\"potentialAction\":[{\"@type\":\"SearchAction\",\"target\":{\"@type\":\"EntryPoint\",\"urlTemplate\":\"http:\\\/\\\/www.destrancheesauxbarricades.com\\\/?s={search_term_string}\"},\"query-input\":{\"@type\":\"PropertyValueSpecification\",\"valueRequired\":true,\"valueName\":\"search_term_string\"}}],\"inLanguage\":\"fr-FR\"}]}<\/script>\n<!-- \/ Yoast SEO plugin. -->","yoast_head_json":{"title":"La chute de Dien Bien Phu - Des tranch\u00e9es aux barricades","robots":{"index":"index","follow":"follow","max-snippet":"max-snippet:-1","max-image-preview":"max-image-preview:large","max-video-preview":"max-video-preview:-1"},"canonical":"http:\/\/www.destrancheesauxbarricades.com\/index.php\/product\/la-chute-de-dien-bien-phu\/","og_locale":"fr_FR","og_type":"article","og_title":"La chute de Dien Bien Phu - Des tranch\u00e9es aux barricades","og_description":"[fsl-progress-bar]  Les M\u00e9moires Oubli\u00e9es - La chute de Dien Bien Phu - Historic One Editions","og_url":"http:\/\/www.destrancheesauxbarricades.com\/index.php\/product\/la-chute-de-dien-bien-phu\/","og_site_name":"Des tranch\u00e9es aux barricades","article_modified_time":"2025-11-15T13:44:23+00:00","og_image":[{"width":896,"height":1181,"url":"http:\/\/www.destrancheesauxbarricades.com\/wp-content\/uploads\/2025\/07\/zcbdn50k.png","type":"image\/png"}],"twitter_card":"summary_large_image","twitter_misc":{"Dur\u00e9e de lecture estim\u00e9e":"2 minutes"},"schema":{"@context":"https:\/\/schema.org","@graph":[{"@type":"WebPage","@id":"http:\/\/www.destrancheesauxbarricades.com\/index.php\/product\/la-chute-de-dien-bien-phu\/","url":"http:\/\/www.destrancheesauxbarricades.com\/index.php\/product\/la-chute-de-dien-bien-phu\/","name":"La chute de Dien Bien Phu - Des tranch\u00e9es aux barricades","isPartOf":{"@id":"http:\/\/www.destrancheesauxbarricades.com\/#website"},"primaryImageOfPage":{"@id":"http:\/\/www.destrancheesauxbarricades.com\/index.php\/product\/la-chute-de-dien-bien-phu\/#primaryimage"},"image":{"@id":"http:\/\/www.destrancheesauxbarricades.com\/index.php\/product\/la-chute-de-dien-bien-phu\/#primaryimage"},"thumbnailUrl":"https:\/\/www.destrancheesauxbarricades.com\/wp-content\/uploads\/2025\/07\/zcbdn50k.png","datePublished":"2025-07-14T14:50:26+00:00","dateModified":"2025-11-15T13:44:23+00:00","breadcrumb":{"@id":"http:\/\/www.destrancheesauxbarricades.com\/index.php\/product\/la-chute-de-dien-bien-phu\/#breadcrumb"},"inLanguage":"fr-FR","potentialAction":[{"@type":"ReadAction","target":["http:\/\/www.destrancheesauxbarricades.com\/index.php\/product\/la-chute-de-dien-bien-phu\/"]}]},{"@type":"ImageObject","inLanguage":"fr-FR","@id":"http:\/\/www.destrancheesauxbarricades.com\/index.php\/product\/la-chute-de-dien-bien-phu\/#primaryimage","url":"https:\/\/www.destrancheesauxbarricades.com\/wp-content\/uploads\/2025\/07\/zcbdn50k.png","contentUrl":"https:\/\/www.destrancheesauxbarricades.com\/wp-content\/uploads\/2025\/07\/zcbdn50k.png","width":896,"height":1181},{"@type":"BreadcrumbList","@id":"http:\/\/www.destrancheesauxbarricades.com\/index.php\/product\/la-chute-de-dien-bien-phu\/#breadcrumb","itemListElement":[{"@type":"ListItem","position":1,"name":"Accueil","item":"http:\/\/www.destrancheesauxbarricades.com\/"},{"@type":"ListItem","position":2,"name":"Shop","item":"https:\/\/www.destrancheesauxbarricades.com\/index.php\/shop\/"},{"@type":"ListItem","position":3,"name":"La chute de Dien Bien Phu"}]},{"@type":"WebSite","@id":"http:\/\/www.destrancheesauxbarricades.com\/#website","url":"http:\/\/www.destrancheesauxbarricades.com\/","name":"Des tranch\u00e9es aux barricades","description":"Jeu d&#039;escarmouches au d\u00e9but du XXe si\u00e8cle","potentialAction":[{"@type":"SearchAction","target":{"@type":"EntryPoint","urlTemplate":"http:\/\/www.destrancheesauxbarricades.com\/?s={search_term_string}"},"query-input":{"@type":"PropertyValueSpecification","valueRequired":true,"valueName":"search_term_string"}}],"inLanguage":"fr-FR"}]}},"jetpack_sharing_enabled":true,"_links":{"self":[{"href":"https:\/\/www.destrancheesauxbarricades.com\/index.php\/wp-json\/wp\/v2\/product\/13565","targetHints":{"allow":["GET"]}}],"collection":[{"href":"https:\/\/www.destrancheesauxbarricades.com\/index.php\/wp-json\/wp\/v2\/product"}],"about":[{"href":"https:\/\/www.destrancheesauxbarricades.com\/index.php\/wp-json\/wp\/v2\/types\/product"}],"version-history":[{"count":1,"href":"https:\/\/www.destrancheesauxbarricades.com\/index.php\/wp-json\/wp\/v2\/product\/13565\/revisions"}],"predecessor-version":[{"id":13570,"href":"https:\/\/www.destrancheesauxbarricades.com\/index.php\/wp-json\/wp\/v2\/product\/13565\/revisions\/13570"}],"wp:featuredmedia":[{"embeddable":true,"href":"https:\/\/www.destrancheesauxbarricades.com\/index.php\/wp-json\/wp\/v2\/media\/13566"}],"wp:attachment":[{"href":"https:\/\/www.destrancheesauxbarricades.com\/index.php\/wp-json\/wp\/v2\/media?parent=13565"}],"wp:term":[{"taxonomy":"product_brand","embeddable":true,"href":"https:\/\/www.destrancheesauxbarricades.com\/index.php\/wp-json\/wp\/v2\/product_brand?post=13565"},{"taxonomy":"product_cat","embeddable":true,"href":"https:\/\/www.destrancheesauxbarricades.com\/index.php\/wp-json\/wp\/v2\/product_cat?post=13565"},{"taxonomy":"product_tag","embeddable":true,"href":"https:\/\/www.destrancheesauxbarricades.com\/index.php\/wp-json\/wp\/v2\/product_tag?post=13565"}],"curies":[{"name":"wp","href":"https:\/\/api.w.org\/{rel}","templated":true}]}}