{"id":5533,"date":"2016-12-12T10:02:23","date_gmt":"2016-12-12T10:02:23","guid":{"rendered":"http:\/\/192.168.0.101\/user13\/wordpress\/Bigshopper_fullwidth\/?page_id=5533"},"modified":"2016-12-12T10:02:23","modified_gmt":"2016-12-12T10:02:23","slug":"tabs","status":"publish","type":"page","link":"http:\/\/www.destrancheesauxbarricades.com\/index.php\/tabs\/","title":{"rendered":"Tabs"},"content":{"rendered":"<p>[vc_row css=\u00a0\u00bb.vc_custom_1487831375988{margin-bottom: 30px !important;padding-top: 30px !important;padding-bottom: 30px !important;background-color: #ffffff !important;}\u00a0\u00bb][vc_column]<div class=\"shortcode-title center \"><h3 class=\"normal-title\">Style One Tabs<\/h3><\/div>[vc_row_inner][vc_column_inner width=\u00a0\u00bb1\/2&Prime; css=\u00a0\u00bb.vc_custom_1537440213637{padding-bottom: 15px !important;}\u00a0\u00bb]<div class=\"shortcode-title left \"><h3 class=\"small-title\">Style One Vertical Tab<\/h3><\/div><div id=\"vertical_tab\" class=\"vertical_tab style1\"><div id=\"tab\" class=\"tab\"><ul class=\"tabs\"><li class=\"odd\"><a href=\"#\">Tab1<span class=\"leftarrow\"><\/span><\/a><\/li><li class=\"even\"><a href=\"#\">Tab2<span class=\"leftarrow\"><\/span><\/a><\/li><li class=\"odd\"><a href=\"#\">Tab3<span class=\"leftarrow\"><\/span><\/a><\/li><\/ul><div class=\"tab_groupcontent\"><div class=\"tabs_tab\">Lorem ipsum Morbi euismod diam eu arcu volutpat ut adipiscing sem auctor. Vivamus adipiscing lobortis sagittis. Nullam tempus mauris dolor, ac malesuada arcu. <\/div><div class=\"tabs_tab\">Lorem ipsum Morbi euismod diam eu arcu volutpat ut adipiscing sem auctor. Vivamus adipiscing lobortis sagittis. Nullam tempus mauris dolor, ac malesuada arcu. <\/div><div class=\"tabs_tab\">Lorem ipsum Morbi euismod diam eu arcu volutpat ut adipiscing sem auctor. Vivamus adipiscing lobortis sagittis. Nullam tempus mauris dolor, ac malesuada arcu. <\/div><\/div><\/div><\/div>[\/vc_column_inner][vc_column_inner width=\u00a0\u00bb1\/2&Prime; css=\u00a0\u00bb.vc_custom_1537440220865{padding-bottom: 15px !important;}\u00a0\u00bb]<div class=\"shortcode-title left \"><h3 class=\"small-title\">Style One Horizontal Tab<\/h3><\/div><div id=\"horizontal_tab\" class=\"horizontal_tab style1\"><div id=\"tab\" class=\"tab\"><ul class=\"tabs\"><li class=\"even\"><a href=\"#\">Tab1<span class=\"leftarrow\"><\/span><\/a><\/li><li class=\"odd\"><a href=\"#\">Tab2<span class=\"leftarrow\"><\/span><\/a><\/li><li class=\"even\"><a href=\"#\">Tab3<span class=\"leftarrow\"><\/span><\/a><\/li><\/ul><div class=\"tab_groupcontent\"><div class=\"tabs_tab\">Lorem ipsum Morbi euismod diam eu arcu volutpat ut adipiscing sem auctor. Vivamus adipiscing lobortis sagittis. Nullam tempus mauris dolor, ac malesuada arcu.<\/div><div class=\"tabs_tab\">Lorem ipsum Morbi euismod diam eu arcu volutpat ut adipiscing sem auctor. Vivamus adipiscing lobortis sagittis. Nullam tempus mauris dolor, ac malesuada arcu.<\/div><div class=\"tabs_tab\">Lorem ipsum Morbi euismod diam eu arcu volutpat ut adipiscing sem auctor. Vivamus adipiscing lobortis sagittis. Nullam tempus mauris dolor, ac malesuada arcu.<\/div><\/div><\/div><\/div>[\/vc_column_inner][\/vc_row_inner][\/vc_column][\/vc_row][vc_row css=\u00a0\u00bb.vc_custom_1488954429539{margin-bottom: 30px !important;padding-top: 30px !important;padding-bottom: 30px !important;background-color: #ffffff !important;}\u00a0\u00bb][vc_column]<div class=\"shortcode-title center \"><h3 class=\"normal-title\">Style Two Tabs<\/h3><\/div>[vc_row_inner][vc_column_inner width=\u00a0\u00bb1\/2&Prime; css=\u00a0\u00bb.vc_custom_1537440228833{padding-bottom: 15px !important;}\u00a0\u00bb]<div class=\"shortcode-title left \"><h3 class=\"small-title\">Style Two Vertical Tab<\/h3><\/div><div id=\"vertical_tab\" class=\"vertical_tab style2\"><div id=\"tab\" class=\"tab\"><ul class=\"tabs\"><li class=\"odd\"><a href=\"#\">Tab1<span class=\"leftarrow\"><\/span><\/a><\/li><li class=\"even\"><a href=\"#\">Tab2<span class=\"leftarrow\"><\/span><\/a><\/li><li class=\"odd\"><a href=\"#\">Tab3<span class=\"leftarrow\"><\/span><\/a><\/li><\/ul><div class=\"tab_groupcontent\"><div class=\"tabs_tab\">Lorem ipsum Morbi euismod diam eu arcu volutpat ut adipiscing sem auctor. Vivamus adipiscing lobortis sagittis. Nullam tempus mauris dolor, ac malesuada arcu. <\/div><div class=\"tabs_tab\">Lorem ipsum Morbi euismod diam eu arcu volutpat ut adipiscing sem auctor. Vivamus adipiscing lobortis sagittis. Nullam tempus mauris dolor, ac malesuada arcu. <\/div><div class=\"tabs_tab\">Lorem ipsum Morbi euismod diam eu arcu volutpat ut adipiscing sem auctor. Vivamus adipiscing lobortis sagittis. Nullam tempus mauris dolor, ac malesuada arcu. <\/div><\/div><\/div><\/div>[\/vc_column_inner][vc_column_inner width=\u00a0\u00bb1\/2&Prime; css=\u00a0\u00bb.vc_custom_1537440234825{padding-bottom: 15px !important;}\u00a0\u00bb]<div class=\"shortcode-title left \"><h3 class=\"small-title\">Style Two Horizontal Tab<\/h3><\/div><div id=\"horizontal_tab\" class=\"horizontal_tab style2\"><div id=\"tab\" class=\"tab\"><ul class=\"tabs\"><li class=\"even\"><a href=\"#\">Tab1<span class=\"leftarrow\"><\/span><\/a><\/li><li class=\"odd\"><a href=\"#\">Tab2<span class=\"leftarrow\"><\/span><\/a><\/li><li class=\"even\"><a href=\"#\">Tab3<span class=\"leftarrow\"><\/span><\/a><\/li><\/ul><div class=\"tab_groupcontent\"><div class=\"tabs_tab\">Lorem ipsum Morbi euismod diam eu arcu volutpat ut adipiscing sem auctor. Vivamus adipiscing lobortis sagittis. Nullam tempus mauris dolor, ac malesuada arcu.<\/div><div class=\"tabs_tab\">Lorem ipsum Morbi euismod diam eu arcu volutpat ut adipiscing sem auctor. Vivamus adipiscing lobortis sagittis. Nullam tempus mauris dolor, ac malesuada arcu.<\/div><div class=\"tabs_tab\">Lorem ipsum Morbi euismod diam eu arcu volutpat ut adipiscing sem auctor. Vivamus adipiscing lobortis sagittis. Nullam tempus mauris dolor, ac malesuada arcu.<\/div><\/div><\/div><\/div>[\/vc_column_inner][\/vc_row_inner][\/vc_column][\/vc_row][vc_row css=\u00a0\u00bb.vc_custom_1487831391334{padding-top: 30px !important;padding-bottom: 30px !important;background-color: #ffffff !important;}\u00a0\u00bb][vc_column]<div class=\"shortcode-title center \"><h3 class=\"normal-title\">Style Three Tabs<\/h3><\/div>[vc_row_inner][vc_column_inner width=\u00a0\u00bb1\/2&Prime; css=\u00a0\u00bb.vc_custom_1537440242705{padding-bottom: 15px !important;}\u00a0\u00bb]<div class=\"shortcode-title left \"><h3 class=\"small-title\">Style Three Vertical Tab<\/h3><\/div><div id=\"vertical_tab\" class=\"vertical_tab style3\"><div id=\"tab\" class=\"tab\"><ul class=\"tabs\"><li class=\"odd\"><a href=\"#\">Tab1<span class=\"leftarrow\"><\/span><\/a><\/li><li class=\"even\"><a href=\"#\">Tab2<span class=\"leftarrow\"><\/span><\/a><\/li><li class=\"odd\"><a href=\"#\">Tab3<span class=\"leftarrow\"><\/span><\/a><\/li><\/ul><div class=\"tab_groupcontent\"><div class=\"tabs_tab\">Lorem ipsum Morbi euismod diam eu arcu volutpat ut adipiscing sem auctor. Vivamus adipiscing lobortis sagittis. Nullam tempus mauris dolor, ac malesuada arcu. <\/div><div class=\"tabs_tab\">Lorem ipsum Morbi euismod diam eu arcu volutpat ut adipiscing sem auctor. Vivamus adipiscing lobortis sagittis. Nullam tempus mauris dolor, ac malesuada arcu. <\/div><div class=\"tabs_tab\">Lorem ipsum Morbi euismod diam eu arcu volutpat ut adipiscing sem auctor. Vivamus adipiscing lobortis sagittis. Nullam tempus mauris dolor, ac malesuada arcu. <\/div><\/div><\/div><\/div>[\/vc_column_inner][vc_column_inner width=\u00a0\u00bb1\/2&Prime; css=\u00a0\u00bb.vc_custom_1537440251191{padding-bottom: 15px !important;}\u00a0\u00bb]<div class=\"shortcode-title left \"><h3 class=\"small-title\">Style Three Horizontal Tab<\/h3><\/div><div id=\"horizontal_tab\" class=\"horizontal_tab style3\"><div id=\"tab\" class=\"tab\"><ul class=\"tabs\"><li class=\"even\"><a href=\"#\">Tab1<span class=\"leftarrow\"><\/span><\/a><\/li><li class=\"odd\"><a href=\"#\">Tab2<span class=\"leftarrow\"><\/span><\/a><\/li><li class=\"even\"><a href=\"#\">Tab3<span class=\"leftarrow\"><\/span><\/a><\/li><\/ul><div class=\"tab_groupcontent\"><div class=\"tabs_tab\">Lorem ipsum Morbi euismod diam eu arcu volutpat ut adipiscing sem auctor. Vivamus adipiscing lobortis sagittis. Nullam tempus mauris dolor, ac malesuada arcu.<\/div><div class=\"tabs_tab\">Lorem ipsum Morbi euismod diam eu arcu volutpat ut adipiscing sem auctor. Vivamus adipiscing lobortis sagittis. Nullam tempus mauris dolor, ac malesuada arcu.<\/div><div class=\"tabs_tab\">Lorem ipsum Morbi euismod diam eu arcu volutpat ut adipiscing sem auctor. Vivamus adipiscing lobortis sagittis. Nullam tempus mauris dolor, ac malesuada arcu.<\/div><\/div><\/div><\/div>[\/vc_column_inner][\/vc_row_inner][\/vc_column][\/vc_row]<\/p>\n","protected":false},"excerpt":{"rendered":"<p>[vc_row css=\u00a0\u00bb.vc_custom_1487831375988{margin-bottom: 30px !important;padding-top: 30px !important;padding-bottom: 30px !important;background-color: #ffffff !important;}\u00a0\u00bb][vc_column][vc_row_inner][vc_column_inner width=\u00a0\u00bb1\/2&Prime; css=\u00a0\u00bb.vc_custom_1537440213637{padding-bottom: 15px !important;}\u00a0\u00bb][\/vc_column_inner][vc_column_inner width=\u00a0\u00bb1\/2&Prime; css=\u00a0\u00bb.vc_custom_1537440220865{padding-bottom: 15px !important;}\u00a0\u00bb][\/vc_column_inner][\/vc_row_inner][\/vc_column][\/vc_row][vc_row css=\u00a0\u00bb.vc_custom_1488954429539{margin-bottom: 30px !important;padding-top: 30px !important;padding-bottom: 30px !important;background-color: #ffffff !important;}\u00a0\u00bb][vc_column][vc_row_inner][vc_column_inner width=\u00a0\u00bb1\/2&Prime; css=\u00a0\u00bb.vc_custom_1537440228833{padding-bottom: 15px !important;}\u00a0\u00bb][\/vc_column_inner][vc_column_inner width=\u00a0\u00bb1\/2&Prime; css=\u00a0\u00bb.vc_custom_1537440234825{padding-bottom: 15px !important;}\u00a0\u00bb][\/vc_column_inner][\/vc_row_inner][\/vc_column][\/vc_row][vc_row css=\u00a0\u00bb.vc_custom_1487831391334{padding-top: 30px !important;padding-bottom: 30px !important;background-color: #ffffff !important;}\u00a0\u00bb][vc_column][vc_row_inner][vc_column_inner width=\u00a0\u00bb1\/2&Prime; css=\u00a0\u00bb.vc_custom_1537440242705{padding-bottom: 15px !important;}\u00a0\u00bb][\/vc_column_inner][vc_column_inner width=\u00a0\u00bb1\/2&Prime; css=\u00a0\u00bb.vc_custom_1537440251191{padding-bottom: 15px !important;}\u00a0\u00bb][\/vc_column_inner][\/vc_row_inner][\/vc_column][\/vc_row]<\/p>\n","protected":false},"author":1,"featured_media":0,"parent":0,"menu_order":0,"comment_status":"closed","ping_status":"closed","template":"","meta":{"_monsterinsights_skip_tracking":false,"_monsterinsights_sitenote_active":false,"_monsterinsights_sitenote_note":"","_monsterinsights_sitenote_category":0,"footnotes":""},"class_list":["post-5533","page","type-page","status-publish","hentry"],"yoast_head":"<!-- This site is optimized with the Yoast SEO plugin v27.4 - https:\/\/yoast.com\/product\/yoast-seo-wordpress\/ -->\n<title>Tabs - Des tranch\u00e9es aux barricades<\/title>\n<meta name=\"robots\" content=\"index, follow, max-snippet:-1, max-image-preview:large, max-video-preview:-1\" \/>\n<link rel=\"canonical\" href=\"http:\/\/www.destrancheesauxbarricades.com\/index.php\/tabs\/\" \/>\n<meta property=\"og:locale\" content=\"fr_FR\" \/>\n<meta property=\"og:type\" content=\"article\" \/>\n<meta property=\"og:title\" content=\"Tabs - Des tranch\u00e9es aux barricades\" \/>\n<meta property=\"og:description\" content=\"[vc_row css=\u00a0\u00bb.vc_custom_1487831375988{margin-bottom: 30px !important;padding-top: 30px !important;padding-bottom: 30px !important;background-color: #ffffff !important;}\u00a0\u00bb][vc_column][vc_row_inner][vc_column_inner width=\u00a0\u00bb1\/2&Prime; css=\u00a0\u00bb.vc_custom_1537440213637{padding-bottom: 15px !important;}\u00a0\u00bb][\/vc_column_inner][vc_column_inner width=\u00a0\u00bb1\/2&Prime; css=\u00a0\u00bb.vc_custom_1537440220865{padding-bottom: 15px !important;}\u00a0\u00bb][\/vc_column_inner][\/vc_row_inner][\/vc_column][\/vc_row][vc_row css=\u00a0\u00bb.vc_custom_1488954429539{margin-bottom: 30px !important;padding-top: 30px !important;padding-bottom: 30px !important;background-color: #ffffff !important;}\u00a0\u00bb][vc_column][vc_row_inner][vc_column_inner width=\u00a0\u00bb1\/2&Prime; css=\u00a0\u00bb.vc_custom_1537440228833{padding-bottom: 15px !important;}\u00a0\u00bb][\/vc_column_inner][vc_column_inner width=\u00a0\u00bb1\/2&Prime; css=\u00a0\u00bb.vc_custom_1537440234825{padding-bottom: 15px !important;}\u00a0\u00bb][\/vc_column_inner][\/vc_row_inner][\/vc_column][\/vc_row][vc_row css=\u00a0\u00bb.vc_custom_1487831391334{padding-top: 30px !important;padding-bottom: 30px !important;background-color: #ffffff !important;}\u00a0\u00bb][vc_column][vc_row_inner][vc_column_inner width=\u00a0\u00bb1\/2&Prime; css=\u00a0\u00bb.vc_custom_1537440242705{padding-bottom: 15px !important;}\u00a0\u00bb][\/vc_column_inner][vc_column_inner width=\u00a0\u00bb1\/2&Prime; css=\u00a0\u00bb.vc_custom_1537440251191{padding-bottom: 15px !important;}\u00a0\u00bb][\/vc_column_inner][\/vc_row_inner][\/vc_column][\/vc_row]\" \/>\n<meta property=\"og:url\" content=\"http:\/\/www.destrancheesauxbarricades.com\/index.php\/tabs\/\" \/>\n<meta property=\"og:site_name\" content=\"Des tranch\u00e9es aux barricades\" \/>\n<meta name=\"twitter:card\" content=\"summary_large_image\" \/>\n<meta name=\"twitter:label1\" content=\"Dur\u00e9e de lecture estim\u00e9e\" \/>\n\t<meta name=\"twitter:data1\" content=\"4 minutes\" \/>\n<script type=\"application\/ld+json\" class=\"yoast-schema-graph\">{\"@context\":\"https:\\\/\\\/schema.org\",\"@graph\":[{\"@type\":\"WebPage\",\"@id\":\"http:\\\/\\\/www.destrancheesauxbarricades.com\\\/index.php\\\/tabs\\\/\",\"url\":\"http:\\\/\\\/www.destrancheesauxbarricades.com\\\/index.php\\\/tabs\\\/\",\"name\":\"Tabs - Des tranch\u00e9es aux barricades\",\"isPartOf\":{\"@id\":\"http:\\\/\\\/www.destrancheesauxbarricades.com\\\/#website\"},\"datePublished\":\"2016-12-12T10:02:23+00:00\",\"breadcrumb\":{\"@id\":\"http:\\\/\\\/www.destrancheesauxbarricades.com\\\/index.php\\\/tabs\\\/#breadcrumb\"},\"inLanguage\":\"fr-FR\",\"potentialAction\":[{\"@type\":\"ReadAction\",\"target\":[\"http:\\\/\\\/www.destrancheesauxbarricades.com\\\/index.php\\\/tabs\\\/\"]}]},{\"@type\":\"BreadcrumbList\",\"@id\":\"http:\\\/\\\/www.destrancheesauxbarricades.com\\\/index.php\\\/tabs\\\/#breadcrumb\",\"itemListElement\":[{\"@type\":\"ListItem\",\"position\":1,\"name\":\"Accueil\",\"item\":\"http:\\\/\\\/www.destrancheesauxbarricades.com\\\/\"},{\"@type\":\"ListItem\",\"position\":2,\"name\":\"Tabs\"}]},{\"@type\":\"WebSite\",\"@id\":\"http:\\\/\\\/www.destrancheesauxbarricades.com\\\/#website\",\"url\":\"http:\\\/\\\/www.destrancheesauxbarricades.com\\\/\",\"name\":\"Des tranch\u00e9es aux barricades\",\"description\":\"Jeu d&#039;escarmouches au d\u00e9but du XXe si\u00e8cle\",\"potentialAction\":[{\"@type\":\"SearchAction\",\"target\":{\"@type\":\"EntryPoint\",\"urlTemplate\":\"http:\\\/\\\/www.destrancheesauxbarricades.com\\\/?s={search_term_string}\"},\"query-input\":{\"@type\":\"PropertyValueSpecification\",\"valueRequired\":true,\"valueName\":\"search_term_string\"}}],\"inLanguage\":\"fr-FR\"}]}<\/script>\n<!-- \/ Yoast SEO plugin. -->","yoast_head_json":{"title":"Tabs - Des tranch\u00e9es aux barricades","robots":{"index":"index","follow":"follow","max-snippet":"max-snippet:-1","max-image-preview":"max-image-preview:large","max-video-preview":"max-video-preview:-1"},"canonical":"http:\/\/www.destrancheesauxbarricades.com\/index.php\/tabs\/","og_locale":"fr_FR","og_type":"article","og_title":"Tabs - Des tranch\u00e9es aux barricades","og_description":"[vc_row css=\u00a0\u00bb.vc_custom_1487831375988{margin-bottom: 30px !important;padding-top: 30px !important;padding-bottom: 30px !important;background-color: #ffffff !important;}\u00a0\u00bb][vc_column][vc_row_inner][vc_column_inner width=\u00a0\u00bb1\/2&Prime; css=\u00a0\u00bb.vc_custom_1537440213637{padding-bottom: 15px !important;}\u00a0\u00bb][\/vc_column_inner][vc_column_inner width=\u00a0\u00bb1\/2&Prime; css=\u00a0\u00bb.vc_custom_1537440220865{padding-bottom: 15px !important;}\u00a0\u00bb][\/vc_column_inner][\/vc_row_inner][\/vc_column][\/vc_row][vc_row css=\u00a0\u00bb.vc_custom_1488954429539{margin-bottom: 30px !important;padding-top: 30px !important;padding-bottom: 30px !important;background-color: #ffffff !important;}\u00a0\u00bb][vc_column][vc_row_inner][vc_column_inner width=\u00a0\u00bb1\/2&Prime; css=\u00a0\u00bb.vc_custom_1537440228833{padding-bottom: 15px !important;}\u00a0\u00bb][\/vc_column_inner][vc_column_inner width=\u00a0\u00bb1\/2&Prime; css=\u00a0\u00bb.vc_custom_1537440234825{padding-bottom: 15px !important;}\u00a0\u00bb][\/vc_column_inner][\/vc_row_inner][\/vc_column][\/vc_row][vc_row css=\u00a0\u00bb.vc_custom_1487831391334{padding-top: 30px !important;padding-bottom: 30px !important;background-color: #ffffff !important;}\u00a0\u00bb][vc_column][vc_row_inner][vc_column_inner width=\u00a0\u00bb1\/2&Prime; css=\u00a0\u00bb.vc_custom_1537440242705{padding-bottom: 15px !important;}\u00a0\u00bb][\/vc_column_inner][vc_column_inner width=\u00a0\u00bb1\/2&Prime; css=\u00a0\u00bb.vc_custom_1537440251191{padding-bottom: 15px !important;}\u00a0\u00bb][\/vc_column_inner][\/vc_row_inner][\/vc_column][\/vc_row]","og_url":"http:\/\/www.destrancheesauxbarricades.com\/index.php\/tabs\/","og_site_name":"Des tranch\u00e9es aux barricades","twitter_card":"summary_large_image","twitter_misc":{"Dur\u00e9e de lecture estim\u00e9e":"4 minutes"},"schema":{"@context":"https:\/\/schema.org","@graph":[{"@type":"WebPage","@id":"http:\/\/www.destrancheesauxbarricades.com\/index.php\/tabs\/","url":"http:\/\/www.destrancheesauxbarricades.com\/index.php\/tabs\/","name":"Tabs - Des tranch\u00e9es aux barricades","isPartOf":{"@id":"http:\/\/www.destrancheesauxbarricades.com\/#website"},"datePublished":"2016-12-12T10:02:23+00:00","breadcrumb":{"@id":"http:\/\/www.destrancheesauxbarricades.com\/index.php\/tabs\/#breadcrumb"},"inLanguage":"fr-FR","potentialAction":[{"@type":"ReadAction","target":["http:\/\/www.destrancheesauxbarricades.com\/index.php\/tabs\/"]}]},{"@type":"BreadcrumbList","@id":"http:\/\/www.destrancheesauxbarricades.com\/index.php\/tabs\/#breadcrumb","itemListElement":[{"@type":"ListItem","position":1,"name":"Accueil","item":"http:\/\/www.destrancheesauxbarricades.com\/"},{"@type":"ListItem","position":2,"name":"Tabs"}]},{"@type":"WebSite","@id":"http:\/\/www.destrancheesauxbarricades.com\/#website","url":"http:\/\/www.destrancheesauxbarricades.com\/","name":"Des tranch\u00e9es aux barricades","description":"Jeu d&#039;escarmouches au d\u00e9but du XXe si\u00e8cle","potentialAction":[{"@type":"SearchAction","target":{"@type":"EntryPoint","urlTemplate":"http:\/\/www.destrancheesauxbarricades.com\/?s={search_term_string}"},"query-input":{"@type":"PropertyValueSpecification","valueRequired":true,"valueName":"search_term_string"}}],"inLanguage":"fr-FR"}]}},"jetpack_sharing_enabled":true,"_links":{"self":[{"href":"http:\/\/www.destrancheesauxbarricades.com\/index.php\/wp-json\/wp\/v2\/pages\/5533","targetHints":{"allow":["GET"]}}],"collection":[{"href":"http:\/\/www.destrancheesauxbarricades.com\/index.php\/wp-json\/wp\/v2\/pages"}],"about":[{"href":"http:\/\/www.destrancheesauxbarricades.com\/index.php\/wp-json\/wp\/v2\/types\/page"}],"author":[{"embeddable":true,"href":"http:\/\/www.destrancheesauxbarricades.com\/index.php\/wp-json\/wp\/v2\/users\/1"}],"replies":[{"embeddable":true,"href":"http:\/\/www.destrancheesauxbarricades.com\/index.php\/wp-json\/wp\/v2\/comments?post=5533"}],"version-history":[{"count":0,"href":"http:\/\/www.destrancheesauxbarricades.com\/index.php\/wp-json\/wp\/v2\/pages\/5533\/revisions"}],"wp:attachment":[{"href":"http:\/\/www.destrancheesauxbarricades.com\/index.php\/wp-json\/wp\/v2\/media?parent=5533"}],"curies":[{"name":"wp","href":"https:\/\/api.w.org\/{rel}","templated":true}]}}