{"id":399,"date":"2013-05-13T12:14:37","date_gmt":"2013-05-13T12:14:37","guid":{"rendered":"http:\/\/template-demos.com\/wp\/forest\/wp1\/?page_id=399"},"modified":"2013-05-13T12:14:37","modified_gmt":"2013-05-13T12:14:37","slug":"portfolio","status":"publish","type":"page","link":"http:\/\/www.destrancheesauxbarricades.com\/index.php\/portfolio\/","title":{"rendered":"Portfolio"},"content":{"rendered":"<p>[vc_row][vc_column]<div class=\"clearfix portfolio-filter-container filter-container\"><section id=\"portfolio_filter_options\" class=\"options category-container\"><ul id=\"filters\" class=\"option-set\"  data-option-key=\"filter\"><li><a href=\"#show-all\" data-option-value=\"*\" class=\"selected\">Show All<\/a><\/li><li><a href=\"#litterarum\" data-option-value=\".litterarum\">Litterarum<\/a><\/li><li><a href=\"#posuerit\" data-option-value=\".posuerit\">Posuerit<\/a><\/li><li><a href=\"#sequitur\" data-option-value=\".sequitur\">Sequitur<\/a><\/li><\/ul><\/section><div class=\"portfolio-filter-outer portfolios\"><div id=\"portfolio_filter\" class=\"portfolio-container portfolio-filter clearfix da-thumbs portfolio-cols-4\"><div class=\"litterarum main item single-portfolio\"><div class=\"image image-block\"><img decoding=\"async\" src=\"http:\/\/www.destrancheesauxbarricades.com\/wp-content\/themes\/elocity\/images\/megnor\/placeholder-500x500_c.png\" title=\"Viverra Nulla\" alt=\"Viverra Nulla\" \/><div class=\"block_hover\"><div class=\"block_hover_inner\"><h3 class=\"entry-title\">Viverra Nulla<\/h3><div class=\"links\"><a href=\"http:\/\/www.destrancheesauxbarricades.com\/wp-content\/uploads\/2019\/03\/Furniture-for-study-room.jpg\" class=\"icon mustang-gallery\"><i class=\"fa fa-plus\"><\/i><\/a><a href=\"http:\/\/www.destrancheesauxbarricades.com\/index.php\/portfolio\/viverra-nulla\/\" class=\"icon\"><i class=\"fa fa-link\"><\/i><\/a><\/div><\/div><\/div><\/div><\/div><div class=\"litterarum main item single-portfolio\"><div class=\"image image-block\"><img decoding=\"async\" src=\"http:\/\/www.destrancheesauxbarricades.com\/wp-content\/themes\/elocity\/images\/megnor\/placeholder-500x500_c.png\" title=\"Dictum Felis\" alt=\"Dictum Felis\" \/><div class=\"block_hover\"><div class=\"block_hover_inner\"><h3 class=\"entry-title\">Dictum Felis<\/h3><div class=\"links\"><a href=\"http:\/\/www.destrancheesauxbarricades.com\/wp-content\/uploads\/2019\/03\/Spring-Into-Summer-Part-Two.jpg\" class=\"icon mustang-gallery\"><i class=\"fa fa-plus\"><\/i><\/a><a href=\"http:\/\/www.destrancheesauxbarricades.com\/index.php\/portfolio\/dictum-felis\/\" class=\"icon\"><i class=\"fa fa-link\"><\/i><\/a><\/div><\/div><\/div><\/div><\/div><div class=\"litterarum main item single-portfolio\"><div class=\"image image-block\"><img decoding=\"async\" src=\"http:\/\/www.destrancheesauxbarricades.com\/wp-content\/themes\/elocity\/images\/megnor\/placeholder-500x500_c.png\" title=\"Leo Eget\" alt=\"Leo Eget\" \/><div class=\"block_hover\"><div class=\"block_hover_inner\"><h3 class=\"entry-title\">Leo Eget<\/h3><div class=\"links\"><a href=\"http:\/\/www.destrancheesauxbarricades.com\/wp-content\/uploads\/2019\/03\/Top-Ten-Beds-for-Vacation-Homes.jpg\" class=\"icon mustang-gallery\"><i class=\"fa fa-plus\"><\/i><\/a><a href=\"http:\/\/www.destrancheesauxbarricades.com\/index.php\/portfolio\/leo-eget\/\" class=\"icon\"><i class=\"fa fa-link\"><\/i><\/a><\/div><\/div><\/div><\/div><\/div><div class=\"litterarum main item single-portfolio\"><div class=\"image image-block\"><img decoding=\"async\" src=\"http:\/\/www.destrancheesauxbarricades.com\/wp-content\/themes\/elocity\/images\/megnor\/placeholder-500x500_c.png\" title=\"Quis Ante\" alt=\"Quis Ante\" \/><div class=\"block_hover\"><div class=\"block_hover_inner\"><h3 class=\"entry-title\">Quis Ante<\/h3><div class=\"links\"><a href=\"http:\/\/www.destrancheesauxbarricades.com\/wp-content\/uploads\/2019\/03\/Using-Fabrics-to-Create-Style.jpg\" class=\"icon mustang-gallery\"><i class=\"fa fa-plus\"><\/i><\/a><a href=\"http:\/\/www.destrancheesauxbarricades.com\/index.php\/portfolio\/quis-ante\/\" class=\"icon\"><i class=\"fa fa-link\"><\/i><\/a><\/div><\/div><\/div><\/div><\/div><div class=\"posuerit main item single-portfolio\"><div class=\"image image-block\"><img decoding=\"async\" src=\"http:\/\/www.destrancheesauxbarricades.com\/wp-content\/themes\/elocity\/images\/megnor\/placeholder-500x500_c.png\" title=\"Sit Amet\" alt=\"Sit Amet\" \/><div class=\"block_hover\"><div class=\"block_hover_inner\"><h3 class=\"entry-title\">Sit Amet<\/h3><div class=\"links\"><a href=\"http:\/\/www.destrancheesauxbarricades.com\/wp-content\/uploads\/2019\/03\/Furniture-to-Fashion.jpg\" class=\"icon mustang-gallery\"><i class=\"fa fa-plus\"><\/i><\/a><a href=\"http:\/\/www.destrancheesauxbarricades.com\/index.php\/portfolio\/sit-amet\/\" class=\"icon\"><i class=\"fa fa-link\"><\/i><\/a><\/div><\/div><\/div><\/div><\/div><div class=\"posuerit main item single-portfolio\"><div class=\"image image-block\"><img decoding=\"async\" src=\"http:\/\/www.destrancheesauxbarricades.com\/wp-content\/themes\/elocity\/images\/megnor\/placeholder-500x500_c.png\" title=\"Eleifend Tellus\" alt=\"Eleifend Tellus\" \/><div class=\"block_hover\"><div class=\"block_hover_inner\"><h3 class=\"entry-title\">Eleifend Tellus<\/h3><div class=\"links\"><a href=\"http:\/\/www.destrancheesauxbarricades.com\/wp-content\/uploads\/2019\/03\/Guest-Post-by-Lisa-Escobar.jpg\" class=\"icon mustang-gallery\"><i class=\"fa fa-plus\"><\/i><\/a><a href=\"http:\/\/www.destrancheesauxbarricades.com\/index.php\/portfolio\/eleifend-tellus\/\" class=\"icon\"><i class=\"fa fa-link\"><\/i><\/a><\/div><\/div><\/div><\/div><\/div><div class=\"posuerit main item single-portfolio\"><div class=\"image image-block\"><img decoding=\"async\" src=\"http:\/\/www.destrancheesauxbarricades.com\/wp-content\/themes\/elocity\/images\/megnor\/placeholder-500x500_c.png\" title=\"Pretium Quis\" alt=\"Pretium Quis\" \/><div class=\"block_hover\"><div class=\"block_hover_inner\"><h3 class=\"entry-title\">Pretium Quis<\/h3><div class=\"links\"><a href=\"http:\/\/www.destrancheesauxbarricades.com\/wp-content\/uploads\/2019\/03\/Guest-Post-Designing-for-Millennials.jpg\" class=\"icon mustang-gallery\"><i class=\"fa fa-plus\"><\/i><\/a><a href=\"http:\/\/www.destrancheesauxbarricades.com\/index.php\/portfolio\/pretium-quis\/\" class=\"icon\"><i class=\"fa fa-link\"><\/i><\/a><\/div><\/div><\/div><\/div><\/div><div class=\"posuerit main item single-portfolio\"><div class=\"image image-block\"><img decoding=\"async\" src=\"http:\/\/www.destrancheesauxbarricades.com\/wp-content\/themes\/elocity\/images\/megnor\/placeholder-500x500_c.png\" title=\"Ligula Eget\" alt=\"Ligula Eget\" \/><div class=\"block_hover\"><div class=\"block_hover_inner\"><h3 class=\"entry-title\">Ligula Eget<\/h3><div class=\"links\"><a href=\"http:\/\/www.destrancheesauxbarricades.com\/wp-content\/uploads\/2019\/03\/Oyster-Bay-by-Lexington-Home-Brands.jpg\" class=\"icon mustang-gallery\"><i class=\"fa fa-plus\"><\/i><\/a><a href=\"http:\/\/www.destrancheesauxbarricades.com\/index.php\/portfolio\/ligula-eget\/\" class=\"icon\"><i class=\"fa fa-link\"><\/i><\/a><\/div><\/div><\/div><\/div><\/div><div class=\"sequitur main item single-portfolio\"><div class=\"image image-block\"><img decoding=\"async\" src=\"http:\/\/www.destrancheesauxbarricades.com\/wp-content\/themes\/elocity\/images\/megnor\/placeholder-500x500_c.png\" title=\"Specimen Book\" alt=\"Specimen Book\" \/><div class=\"block_hover\"><div class=\"block_hover_inner\"><h3 class=\"entry-title\">Specimen Book<\/h3><div class=\"links\"><a href=\"http:\/\/www.destrancheesauxbarricades.com\/wp-content\/uploads\/2019\/03\/Creating-Inspiring-Gathering-Spaces.jpg\" class=\"icon mustang-gallery\"><i class=\"fa fa-plus\"><\/i><\/a><a href=\"http:\/\/www.destrancheesauxbarricades.com\/index.php\/portfolio\/specimen-book\/\" class=\"icon\"><i class=\"fa fa-link\"><\/i><\/a><\/div><\/div><\/div><\/div><\/div><div class=\"sequitur main item single-portfolio\"><div class=\"image image-block\"><img decoding=\"async\" src=\"http:\/\/www.destrancheesauxbarricades.com\/wp-content\/themes\/elocity\/images\/megnor\/placeholder-500x500_c.png\" title=\"Curabitur Ullamcorper\" alt=\"Curabitur Ullamcorper\" \/><div class=\"block_hover\"><div class=\"block_hover_inner\"><h3 class=\"entry-title\">Curabitur Ullamcorper<\/h3><div class=\"links\"><a href=\"http:\/\/www.destrancheesauxbarricades.com\/wp-content\/uploads\/2019\/03\/Expert-Tips-for-Decorating-your-Holiday-Table.jpg\" class=\"icon mustang-gallery\"><i class=\"fa fa-plus\"><\/i><\/a><a href=\"http:\/\/www.destrancheesauxbarricades.com\/index.php\/portfolio\/curabitur-ullamcorper\/\" class=\"icon\"><i class=\"fa fa-link\"><\/i><\/a><\/div><\/div><\/div><\/div><\/div><div class=\"sequitur main item single-portfolio\"><div class=\"image image-block\"><img decoding=\"async\" src=\"http:\/\/www.destrancheesauxbarricades.com\/wp-content\/themes\/elocity\/images\/megnor\/placeholder-500x500_c.png\" title=\"Nam Eget\" alt=\"Nam Eget\" \/><div class=\"block_hover\"><div class=\"block_hover_inner\"><h3 class=\"entry-title\">Nam Eget<\/h3><div class=\"links\"><a href=\"http:\/\/www.destrancheesauxbarricades.com\/wp-content\/uploads\/2019\/03\/From-Island-Style-to-Deco-Sleek.jpg\" class=\"icon mustang-gallery\"><i class=\"fa fa-plus\"><\/i><\/a><a href=\"http:\/\/www.destrancheesauxbarricades.com\/index.php\/portfolio\/nam-eget\/\" class=\"icon\"><i class=\"fa fa-link\"><\/i><\/a><\/div><\/div><\/div><\/div><\/div><div class=\"sequitur main item single-portfolio\"><div class=\"image image-block\"><img decoding=\"async\" src=\"http:\/\/www.destrancheesauxbarricades.com\/wp-content\/themes\/elocity\/images\/megnor\/placeholder-500x500_c.png\" title=\"Aliquet Nec\" alt=\"Aliquet Nec\" \/><div class=\"block_hover\"><div class=\"block_hover_inner\"><h3 class=\"entry-title\">Aliquet Nec<\/h3><div class=\"links\"><a href=\"http:\/\/www.destrancheesauxbarricades.com\/wp-content\/uploads\/2019\/03\/Repost-from-Catherine-Austins-Bespoken.jpg\" class=\"icon mustang-gallery\"><i class=\"fa fa-plus\"><\/i><\/a><a href=\"http:\/\/www.destrancheesauxbarricades.com\/index.php\/portfolio\/aliquet-nec\/\" class=\"icon\"><i class=\"fa fa-link\"><\/i><\/a><\/div><\/div><\/div><\/div><\/div><\/div><\/div><\/div>[\/vc_column][\/vc_row]<\/p>\n","protected":false},"excerpt":{"rendered":"<p>[vc_row][vc_column][\/vc_column][\/vc_row]<\/p>\n","protected":false},"author":1,"featured_media":0,"parent":0,"menu_order":0,"comment_status":"closed","ping_status":"closed","template":"","meta":{"_monsterinsights_skip_tracking":false,"_monsterinsights_sitenote_active":false,"_monsterinsights_sitenote_note":"","_monsterinsights_sitenote_category":0,"footnotes":""},"class_list":["post-399","page","type-page","status-publish","hentry"],"yoast_head":"<!-- This site is optimized with the Yoast SEO plugin v27.6 - https:\/\/yoast.com\/product\/yoast-seo-wordpress\/ -->\n<title>Portfolio - Des tranch\u00e9es aux barricades<\/title>\n<meta name=\"robots\" content=\"index, follow, max-snippet:-1, max-image-preview:large, max-video-preview:-1\" \/>\n<link rel=\"canonical\" href=\"http:\/\/www.destrancheesauxbarricades.com\/index.php\/portfolio\/\" \/>\n<meta property=\"og:locale\" content=\"fr_FR\" \/>\n<meta property=\"og:type\" content=\"article\" \/>\n<meta property=\"og:title\" content=\"Portfolio - Des tranch\u00e9es aux barricades\" \/>\n<meta property=\"og:description\" content=\"[vc_row][vc_column][\/vc_column][\/vc_row]\" \/>\n<meta property=\"og:url\" content=\"http:\/\/www.destrancheesauxbarricades.com\/index.php\/portfolio\/\" \/>\n<meta property=\"og:site_name\" content=\"Des tranch\u00e9es aux barricades\" \/>\n<meta name=\"twitter:card\" content=\"summary_large_image\" \/>\n<script type=\"application\/ld+json\" class=\"yoast-schema-graph\">{\"@context\":\"https:\\\/\\\/schema.org\",\"@graph\":[{\"@type\":\"WebPage\",\"@id\":\"http:\\\/\\\/www.destrancheesauxbarricades.com\\\/index.php\\\/portfolio\\\/\",\"url\":\"http:\\\/\\\/www.destrancheesauxbarricades.com\\\/index.php\\\/portfolio\\\/\",\"name\":\"Portfolio - Des tranch\u00e9es aux barricades\",\"isPartOf\":{\"@id\":\"https:\\\/\\\/www.destrancheesauxbarricades.com\\\/#website\"},\"datePublished\":\"2013-05-13T12:14:37+00:00\",\"breadcrumb\":{\"@id\":\"http:\\\/\\\/www.destrancheesauxbarricades.com\\\/index.php\\\/portfolio\\\/#breadcrumb\"},\"inLanguage\":\"fr-FR\",\"potentialAction\":[{\"@type\":\"ReadAction\",\"target\":[\"http:\\\/\\\/www.destrancheesauxbarricades.com\\\/index.php\\\/portfolio\\\/\"]}]},{\"@type\":\"BreadcrumbList\",\"@id\":\"http:\\\/\\\/www.destrancheesauxbarricades.com\\\/index.php\\\/portfolio\\\/#breadcrumb\",\"itemListElement\":[{\"@type\":\"ListItem\",\"position\":1,\"name\":\"Accueil\",\"item\":\"https:\\\/\\\/www.destrancheesauxbarricades.com\\\/\"},{\"@type\":\"ListItem\",\"position\":2,\"name\":\"Portfolio\"}]},{\"@type\":\"WebSite\",\"@id\":\"https:\\\/\\\/www.destrancheesauxbarricades.com\\\/#website\",\"url\":\"https:\\\/\\\/www.destrancheesauxbarricades.com\\\/\",\"name\":\"Des tranch\u00e9es aux barricades\",\"description\":\"Jeu d&#039;escarmouches au d\u00e9but du XXe si\u00e8cle\",\"potentialAction\":[{\"@type\":\"SearchAction\",\"target\":{\"@type\":\"EntryPoint\",\"urlTemplate\":\"https:\\\/\\\/www.destrancheesauxbarricades.com\\\/?s={search_term_string}\"},\"query-input\":{\"@type\":\"PropertyValueSpecification\",\"valueRequired\":true,\"valueName\":\"search_term_string\"}}],\"inLanguage\":\"fr-FR\"}]}<\/script>\n<!-- \/ Yoast SEO plugin. -->","yoast_head_json":{"title":"Portfolio - Des tranch\u00e9es aux barricades","robots":{"index":"index","follow":"follow","max-snippet":"max-snippet:-1","max-image-preview":"max-image-preview:large","max-video-preview":"max-video-preview:-1"},"canonical":"http:\/\/www.destrancheesauxbarricades.com\/index.php\/portfolio\/","og_locale":"fr_FR","og_type":"article","og_title":"Portfolio - Des tranch\u00e9es aux barricades","og_description":"[vc_row][vc_column][\/vc_column][\/vc_row]","og_url":"http:\/\/www.destrancheesauxbarricades.com\/index.php\/portfolio\/","og_site_name":"Des tranch\u00e9es aux barricades","twitter_card":"summary_large_image","schema":{"@context":"https:\/\/schema.org","@graph":[{"@type":"WebPage","@id":"http:\/\/www.destrancheesauxbarricades.com\/index.php\/portfolio\/","url":"http:\/\/www.destrancheesauxbarricades.com\/index.php\/portfolio\/","name":"Portfolio - Des tranch\u00e9es aux barricades","isPartOf":{"@id":"https:\/\/www.destrancheesauxbarricades.com\/#website"},"datePublished":"2013-05-13T12:14:37+00:00","breadcrumb":{"@id":"http:\/\/www.destrancheesauxbarricades.com\/index.php\/portfolio\/#breadcrumb"},"inLanguage":"fr-FR","potentialAction":[{"@type":"ReadAction","target":["http:\/\/www.destrancheesauxbarricades.com\/index.php\/portfolio\/"]}]},{"@type":"BreadcrumbList","@id":"http:\/\/www.destrancheesauxbarricades.com\/index.php\/portfolio\/#breadcrumb","itemListElement":[{"@type":"ListItem","position":1,"name":"Accueil","item":"https:\/\/www.destrancheesauxbarricades.com\/"},{"@type":"ListItem","position":2,"name":"Portfolio"}]},{"@type":"WebSite","@id":"https:\/\/www.destrancheesauxbarricades.com\/#website","url":"https:\/\/www.destrancheesauxbarricades.com\/","name":"Des tranch\u00e9es aux barricades","description":"Jeu d&#039;escarmouches au d\u00e9but du XXe si\u00e8cle","potentialAction":[{"@type":"SearchAction","target":{"@type":"EntryPoint","urlTemplate":"https:\/\/www.destrancheesauxbarricades.com\/?s={search_term_string}"},"query-input":{"@type":"PropertyValueSpecification","valueRequired":true,"valueName":"search_term_string"}}],"inLanguage":"fr-FR"}]}},"jetpack_sharing_enabled":true,"_links":{"self":[{"href":"http:\/\/www.destrancheesauxbarricades.com\/index.php\/wp-json\/wp\/v2\/pages\/399","targetHints":{"allow":["GET"]}}],"collection":[{"href":"http:\/\/www.destrancheesauxbarricades.com\/index.php\/wp-json\/wp\/v2\/pages"}],"about":[{"href":"http:\/\/www.destrancheesauxbarricades.com\/index.php\/wp-json\/wp\/v2\/types\/page"}],"author":[{"embeddable":true,"href":"http:\/\/www.destrancheesauxbarricades.com\/index.php\/wp-json\/wp\/v2\/users\/1"}],"replies":[{"embeddable":true,"href":"http:\/\/www.destrancheesauxbarricades.com\/index.php\/wp-json\/wp\/v2\/comments?post=399"}],"version-history":[{"count":0,"href":"http:\/\/www.destrancheesauxbarricades.com\/index.php\/wp-json\/wp\/v2\/pages\/399\/revisions"}],"wp:attachment":[{"href":"http:\/\/www.destrancheesauxbarricades.com\/index.php\/wp-json\/wp\/v2\/media?parent=399"}],"curies":[{"name":"wp","href":"https:\/\/api.w.org\/{rel}","templated":true}]}}