{"version":"1.0","provider_name":"Des tranch\u00e9es aux barricades","provider_url":"http:\/\/www.destrancheesauxbarricades.com","author_name":"Admin","author_url":"http:\/\/www.destrancheesauxbarricades.com\/index.php\/author\/romuald\/","title":"Sortie de Freikorps Voran - Des tranch\u00e9es aux barricades","type":"rich","width":600,"height":338,"html":"<blockquote class=\"wp-embedded-content\" data-secret=\"DiW4Gfhgsj\"><a href=\"http:\/\/www.destrancheesauxbarricades.com\/index.php\/2023\/09\/01\/sortie-de-freikorps-voran\/\">Sortie de Freikorps Voran<\/a><\/blockquote><iframe sandbox=\"allow-scripts\" security=\"restricted\" src=\"http:\/\/www.destrancheesauxbarricades.com\/index.php\/2023\/09\/01\/sortie-de-freikorps-voran\/embed\/#?secret=DiW4Gfhgsj\" width=\"600\" height=\"338\" title=\"\u00ab\u00a0Sortie de Freikorps Voran\u00a0\u00bb &#8212; Des tranch\u00e9es aux barricades\" data-secret=\"DiW4Gfhgsj\" frameborder=\"0\" marginwidth=\"0\" marginheight=\"0\" scrolling=\"no\" class=\"wp-embedded-content\"><\/iframe><script type=\"text\/javascript\">\n\/* <![CDATA[ *\/\n\/*! This file is auto-generated *\/\n!function(d,l){\"use strict\";l.querySelector&&d.addEventListener&&\"undefined\"!=typeof URL&&(d.wp=d.wp||{},d.wp.receiveEmbedMessage||(d.wp.receiveEmbedMessage=function(e){var t=e.data;if((t||t.secret||t.message||t.value)&&!\/[^a-zA-Z0-9]\/.test(t.secret)){for(var s,r,n,a=l.querySelectorAll('iframe[data-secret=\"'+t.secret+'\"]'),o=l.querySelectorAll('blockquote[data-secret=\"'+t.secret+'\"]'),c=new RegExp(\"^https?:$\",\"i\"),i=0;i<o.length;i++)o[i].style.display=\"none\";for(i=0;i<a.length;i++)s=a[i],e.source===s.contentWindow&&(s.removeAttribute(\"style\"),\"height\"===t.message?(1e3<(r=parseInt(t.value,10))?r=1e3:~~r<200&&(r=200),s.height=r):\"link\"===t.message&&(r=new URL(s.getAttribute(\"src\")),n=new URL(t.value),c.test(n.protocol))&&n.host===r.host&&l.activeElement===s&&(d.top.location.href=t.value))}},d.addEventListener(\"message\",d.wp.receiveEmbedMessage,!1),l.addEventListener(\"DOMContentLoaded\",function(){for(var e,t,s=l.querySelectorAll(\"iframe.wp-embedded-content\"),r=0;r<s.length;r++)(t=(e=s[r]).getAttribute(\"data-secret\"))||(t=Math.random().toString(36).substring(2,12),e.src+=\"#?secret=\"+t,e.setAttribute(\"data-secret\",t)),e.contentWindow.postMessage({message:\"ready\",secret:t},\"*\")},!1)))}(window,document);\n\/\/# sourceURL=http:\/\/www.destrancheesauxbarricades.com\/wp-includes\/js\/wp-embed.min.js\n\/* ]]> *\/\n<\/script>\n","thumbnail_url":"http:\/\/www.destrancheesauxbarricades.com\/wp-content\/uploads\/2023\/07\/UNE_VORAN-1.jpg","thumbnail_width":2479,"thumbnail_height":1713,"description":"Nous sommes ravis de vous annoncer la sortie du premier suppl\u00e9ment officiel de Des tranch\u00e9es aux barricades ! Freikorps Voran propose aux joueurs de revivre la p\u00e9riode r\u00e9volutionnaire en Allemagne, de l\u2019abdication du Kaiser Guillaume II le 9 novembre 1918, au putsch de la Brasserie men\u00e9 par Adolf Hitler \u00e0 M\u00fcnich 5 ans plus tard. Le suppl\u00e9ment est d\u00e8s maintenant disponible dans la boutique en ligne, de m\u00eame que le nouveau set de d\u00e9s aux couleurs du drapeau imp\u00e9rial allemand et les figurines de Rosa Luxemburg et Paul von Lettow-Vorbeck. Nous profitons de ce message pour vous communiquer la liste de nos trois prochains d\u00e9placements : Au plaisir de vous rencontrer prochainement, Romuald &amp; Jean-Baptiste"}

Des tranchées aux barricades

Sortie de Freikorps Voran - Des tranchées aux barricades

<blockquote class="wp-embedded-content" data-secret="DiW4Gfhgsj"><a href="http://www.destrancheesauxbarricades.com/index.php/2023/09/01/sortie-de-freikorps-voran/">Sortie de Freikorps Voran</a></blockquote><iframe sandbox="allow-scripts" security="restricted" src="http://www.destrancheesauxbarricades.com/index.php/2023/09/01/sortie-de-freikorps-voran/embed/#?secret=DiW4Gfhgsj" width="600" height="338" title="« Sortie de Freikorps Voran » &#8212; Des tranchées aux barricades" data-secret="DiW4Gfhgsj" frameborder="0" marginwidth="0" marginheight="0" scrolling="no" class="wp-embedded-content"></iframe><script type="text/javascript">
/* <![CDATA[ */
/*! This file is auto-generated */
!function(d,l){"use strict";l.querySelector&&d.addEventListener&&"undefined"!=typeof URL&&(d.wp=d.wp||{},d.wp.receiveEmbedMessage||(d.wp.receiveEmbedMessage=function(e){var t=e.data;if((t||t.secret||t.message||t.value)&&!/[^a-zA-Z0-9]/.test(t.secret)){for(var s,r,n,a=l.querySelectorAll('iframe[data-secret="'+t.secret+'"]'),o=l.querySelectorAll('blockquote[data-secret="'+t.secret+'"]'),c=new RegExp("^https?:$","i"),i=0;i<o.length;i++)o[i].style.display="none";for(i=0;i<a.length;i++)s=a[i],e.source===s.contentWindow&&(s.removeAttribute("style"),"height"===t.message?(1e3<(r=parseInt(t.value,10))?r=1e3:~~r<200&&(r=200),s.height=r):"link"===t.message&&(r=new URL(s.getAttribute("src")),n=new URL(t.value),c.test(n.protocol))&&n.host===r.host&&l.activeElement===s&&(d.top.location.href=t.value))}},d.addEventListener("message",d.wp.receiveEmbedMessage,!1),l.addEventListener("DOMContentLoaded",function(){for(var e,t,s=l.querySelectorAll("iframe.wp-embedded-content"),r=0;r<s.length;r++)(t=(e=s[r]).getAttribute("data-secret"))||(t=Math.random().toString(36).substring(2,12),e.src+="#?secret="+t,e.setAttribute("data-secret",t)),e.contentWindow.postMessage({message:"ready",secret:t},"*")},!1)))}(window,document);
//# sourceURL=http://www.destrancheesauxbarricades.com/wp-includes/js/wp-embed.min.js
/* ]]> */
</script>

Nous sommes ravis de vous annoncer la sortie du premier supplément officiel de Des tranchées aux barricades ! Freikorps Voran propose aux joueurs de revivre la période révolutionnaire en Allemagne, de l’abdication du Kaiser Guillaume II le 9 novembre 1918, au putsch de la Brasserie mené par Adolf Hitler à Münich 5 ans plus tard. Le supplément est dès maintenant disponible dans la boutique en ligne, de même que le nouveau set de dés aux couleurs du drapeau impérial allemand et les figurines de Rosa Luxemburg et Paul von Lettow-Vorbeck. Nous profitons de ce message pour vous communiquer la liste de nos trois prochains déplacements : Au plaisir de vous rencontrer prochainement, Romuald &amp; Jean-Baptiste
